by 29?
28
Calculate the remainder when 278 is divided by 56.
54
What is the remainder when 927 is divided by 55?
47
What is the remainder when 4409 is divided by 49?
48
Calculate the remainder when 7568 is divided by 3.
2
Calculate the remainder when 1546 is divided by 74.
66
Calculate the remainder when 1411 is divided by 27.
7
What is the remainder when 327 is divided by 39?
15
What is the remainder when 4138 is divided by 6?
4
Calculate the remainder when 318 is divided by 16.
14
What is the remainder when 2781 is divided by 18?
9
What is the remainder when 3567 is divided by 42?
39
Calculate the remainder when 21706 is divided by 33.
25
What is the remainder when 2453 is divided by 222?
11
What is the remainder when 7217 is divided by 249?
245
Calculate the remainder when 388 is divided by 17.
14
What is the remainder when 205 is divided by 19?
15
What is the remainder when 225 is divided by 19?
16
Calculate the remainder when 516 is divided by 32.
4
Calculate the remainder when 38 is divided by 20.
18
Calculate the remainder when 254 is divided by 15.
14
Calculate the remainder when 653 is divided by 106.
17
Calculate the remainder when 3318 is divided by 83.
81
Calculate the remainder when 3258 is divided by 8.
2
Calculate the remainder when 9 is divided by 1.
0
What is the remainder when 209 is divided by 43?
37
What is the remainder when 741 is divided by 24?
21
What is the remainder when 3377 is divided by 26?
23
What is the remainder when 328 is divided by 71?
44
What is the remainder when 10100 is divided by 259?
258
Calculate the remainder when 2264 is divided by 22.
20
Calculate the remainder when 1183 is divided by 33.
28
Calculate the remainder when 664 is divided by 314.
36
Calculate the remainder when 2068 is divided by 138.
136
What is the remainder when 4828 is divided by 10?
8
Calculate the remainder when 4984 is divided by 1661.
1
What is the remainder when 947 is divided by 17?
12
What is the remainder when 1641 is divided by 33?
24
What is the remainder when 899 is divided by 82?
79
Calculate the remainder when 847 is divided by 71.
66
Calculate the remainder when 863 is divided by 12.
11
Calculate the remainder when 259 is divided by 87.
85
What is the remainder when 28 is divided by 8?
4
Calculate the remainder when 47 is divided by 12.
11
Calculate the remainder when 105 is divided by 11.
6
Calculate the remainder when 1703 is divided by 31.
29
What is the remainder when 257 is divided by 13?
10
What is the remainder when 76 is divided by 60?
16
What is the remainder when 122 is divided by 26?
18
What is the remainder when 35 is divided by 29?
6
What is the remainder when 4620 is divided by 1155?
0
Calculate the remainder when 167 is divided by 5.
2
What is the remainder when 8385 is divided by 12?
9
Calculate the remainder when 86 is divided by 76.
10
Calculate the remainder when 119 is divided by 15.
14
Calculate the remainder when 258 is divided by 95.
68
What is the remainder when 1681 is divided by 331?
26
What is the remainder when 2519 is divided by 40?
39
What is the remainder when 318 is divided by 23?
19
What is the remainder when 148 is divided by 2?
0
Calculate the remainder when 1028 is divided by 24.
20
What is the remainder when 265 is divided by 89?
87
Calculate the remainder when 230 is divided by 13.
9
What is the remainder when 2855 is divided by 110?
105
What is the remainder when 625 is divided by 106?
95
What is the remainder when 98 is divided by 37?
24
Calculate the remainder when 31 is divided by 25.
6
Calculate the remainder when 108 is divided by 28.
24
Calculate the remainder when 775 is divided by 23.
16
Calculate the remainder when 292 is divided by 30.
22
Calculate the remainder when 713 is divided by 13.
11
Calculate the remainder when 2739 is divided by 901.
36
What is the remainder when 686 is divided by 21?
14
Calculate the remainder when 321 is divided by 108.
105
Calculate the remainder when 153 is divided by 71.
11
Calculate the remainder when 557 is divided by 93.
92
What is the remainder when 8136 is divided by 20?
16
Calculate the remainder when 1132 is divided by 23.
5
Calculate the remainder when 148 is divided by 31.
24
Calculate the remainder when 3033 is divided by 46.
43
What is the remainder when 587 is divided by 206?
175
Calculate the remainder when 2333 is divided by 1154.
25
Calculate the remainder when 235 is divided by 79.
77
What is the remainder when 25541 is divided by 62?
59
What is the remainder when 1310 is divided by 24?
14
Calculate the remainder when 198 is divided by 124.
74
What is the remainder when 28 is divided by 1?
0
What is the remainder when 156 is divided by 62?
32
What is the remainder when 576 is divided by 116?
112
Calculate the remainder when 440 is divided by 98.
48
Calculate the remainder when 20396 is divided by 31.
29
Calculate the remainder when 57 is divided by 36.
21
Calculate the remainder when 689 is divided by 144.
113
What is the remainder when 2273 is divided by 43?
37
Calculate the remainder when 115 is divided by 46.
23
What is the remainder when 165 is divided by 19?
13
What is the remainder when 593 is divided by 98?
5
What is the remainder when 109 is divided by 40?
29
What is the remainder when 55 is divided by 31?
24
Calculate the remainder when 118 is divided by 24.
22
What is the remainder when 718 is divided by 46?
28
What is the remainder when 189 is divided by 120?
69
Calculate the remainder when 111 is divided by 101.
10
What is the remainder when 1310 is divided by 70?
50
What is the remainder when 1803 is divided by 164?
163
What is the remainder when 540 is divided by 85?
30
Calculate the remainder when 106 is divided by 11.
7
What is the remainder when 116 is divided by 53?
10
Calculate the remainder when 1674 is divided by 120.
114
What is the remainder when 73 is divided by 18?
1
What is the remainder when 310 is divided by 203?
107
What is the remainder when 469 is divided by 118?
115
Calculate the remainder when 113 is divided by 23.
21
What is the remainder when 417 is divided by 38?
37
What is the remainder when 265 is divided by 82?
19
Calculate the remainder when 709 is divided by 37.
6
Calculate the remainder when 960 is divided by 310.
30
Calculate the remainder when 508 is divided by 34.
32
Calculate the remainder when 5981 is divided by 1992.
5
Calculate the remainder when 395 is divided by 121.
32
Calculate the remainder when 139 is divided by 26.
9
What is the remainder when 195 is divided by 50?
45
What is the remainder when 51 is divided by 26?
25
Calculate the remainder when 109 is divided by 27.
1
What is the remainder when 608 is divided by 496?
112
What is the remainder when 107 is divided by 44?
19
What is the remainder when 333 is divided by 34?
27
What is the remainder when 1986 is divided by 662?
0
What is the remainder when 4312 is divided by 3?
1
Calculate the remainder when 795 is divided by 133.
130
What is the remainder when 11 is divided by 8?
3
What is the remainder when 961 is divided by 237?
13
What is the remainder when 458 is divided by 26?
16
What is the remainder when 313 is divided by 83?
64
Calculate the remainder when 31485 is divided by 246.
243
What is the remainder when 7871 is divided by 78?
71
Calculate the remainder when 1329 is divided by 121.
119
Calculate the remainder when 2524 is divided by 110.
104
What is the remainder when 653 is divided by 56?
37
Calculate the remainder when 121 is divided by 18.
13
What is the remainder when 787 is divided by 79?
76
Calculate the remainder when 13217 is divided by 20.
17
What is the remainder when 423 is divided by 17?
15
What is the remainder when 53 is divided by 13?
1
Calculate the remainder when 480 is divided by 21.
18
Calculate the remainder when 42 is divided by 2.
0
Calculate the remainder when 348 is divided by 3.
0
What is the remainder when 94 is divided by 15?
4
Calculate the remainder when 77 is divided by 10.
7
What is the remainder when 1149 is divided by 111?
39
What is the remainder when 18171 is divided by 11?
10
What is the remainder when 387 is divided by 6?
3
Calculate the remainder when 17469 is divided by 32.
29
What is the remainder when 1755 is divided by 873?
9
What is the remainder when 111 is 